ird derivative of -4*o**2 - t*o**4 - 1/2*o**3 + 0 + 0*o. Determine g(5).
-8
Let l be (48/(-40))/((-3)/10). Let t be -2*(1 + (-12)/l). Let j(p) = p**3 - 3*p**2 - 2*p - 4. Calculate j(t).
4
Let p = 9 + -7. Let z(u) = -4 + 0*u**2 + 2*u**p - u**2. Determine z(3).
5
Let n(z) = z**2 - z + 1. Let r = 5 - 8. Let h be r + 6 + -4 + 2. Give n(h).
1
Suppose 5*r - 21 = d, -3*d - 20 = -8*d. Suppose -20 = r*t - 3*n, 2*t = -t + 5*n - 28. Let w(x) = 2*x**3 + x. Calculate w(t).
-3
Let r(x) = -x + 2. Let g be r(-2). Let h = 5 + -2. Let y(w) = -w - h + 0 + 8. Give y(g).
1
Let g(r) = 5*r**3 + 8*r**2 + 5*r + 2. Let f(b) = b**3 + b**2 + b. Let s(d) = 4*f(d) - g(d). Let w = -9 - -1. Let k = w - -4. Determine s(k).
2
Let s(z) = 1 + 18*z + 2 - 13*z. What is s(-2)?
-7
Suppose -2*x = x. Suppose x*p + 20 = -4*p - 2*r, -4*r - 1 = -5*p. Let v(j) = j**2 + 2*j. Determine v(p).
3
Let x(m) be the third derivative of 0*m - 1/15*m**5 - m**3 - 8*m**2 + 1/6*m**4 + 0 - 1/120*m**6. Let c = -4 + -1. What is x(c)?
-1
Let s(w) = -w**2 - 1. Let p be (1/2)/(3/6). Let m(y) = y**2 - y + 1. Let q be m(p). Suppose -j = i + q, 2*i - 11 = 4*j - i. Calculate s(j).
-5
Let d(n) = -n**2 - 6*n - 5. Suppose 2*o = 5*b + 25, 2*b + o = -3 - 7. What is d(b)?
0
Let f be (-2)/(-8) + (-2)/8. Suppose -2*o - o + 12 = f. Let b(y) = -y**2 + 5*y - 5. What is b(o)?
-1
Let d(w) = w**3 - w - 7. Suppose -3*a + 3 = -0*l - l, -3 = 2*a + l. Suppose -5*m + c - 5*c - 4 = a, -2*m - 2*c - 2 = 0. What is d(m)?
-7
Let d(z) = 9*z**2 + 21*z - 7. Let q(i) = 5*i**2 + 11*i - 4. Let b(r) = 4*d(r) - 7*q(r). Determine b(-7).
0
Let a(w) = -6*w**3. Let q be a(-1). Let d(x) = -x**2 + 9*x - 5. Give d(q).
13
Let f(k) = 3*k**2 + 6*k - 5. Let j(v) = v**2 - v + 1. Let m(p) = f(p) + 2*j(p). Let s(h) = -11*h**2 - 9*h + 6. Let i(b) = 13*m(b) + 6*s(b). What is i(-2)?
-3
Let a(q) = -5*q**2 + 2*q + 5. Let i(w) = -w - 2*w**2 + 2 + 0*w + 2*w. Let b(f) = -3*a(f) + 8*i(f). Let d(s) = 2*s**2 - 2*s - 2. Let v be d(2). What is b(v)?
1
Let x be 4 + ((-446)/120 - 3/15). Let v(r) be the second derivative of 0 - x*r**4 + r**2 + r**3 + r. Calculate v(5).
7
Let j(d) = -d**2 - d - 2. Let g be j(-2). Let z = g - -7. Let r(k) = -5*k**2 + 3*k + 5. Let h(y) = -y**3 + 1. Let t(x) = -h(x) + r(x). Calculate t(z).
-5
Let f(y) be the first derivative of 1/2*y**2 - 3 + y**3 + 0*y. Give f(1).
4
Suppose 5*n + 4*o = o + 5, 4*o = -4*n - 4. Suppose -42 = 4*b - 5*x, -n = -5*x + 6. Let u = b + 4. Let z(i) = i**2 + 4*i + 5. Give z(u).
5
Let u(q) = -q**2 + 2*q + 16. Let o be u(6). Let z(l) = -l**2 - 9*l - 12. Determine z(o).
-4
Suppose -3*a = -4*f - 0*f + 24, -4*f + 4*a = -24. Let v(p) = p**2 - 6*p - 5. Calculate v(f).
-5
Let x(i) = -i**3 - 4*i**2 - 3*i - 4. Suppose 2*m - 11 = 11. Let b(t) = t**2 - 12*t + 8. Let w be b(m). Determine x(w).
-4
Suppose 7 = 3*v - 2. Let h(l) = -7*l + v - 5 + 6*l - 4. Determine h(-4).
-2
Let g = -7 - -6. Let c = g + 3. Let w(t) = -4*t**3 - 2*t**2 + 4*t - 5. Let y(b) = 3*b**3 + 2*b**2 - 3*b + 4. Let n(k) = -5*w(k) - 6*y(k). Determine n(c).
5
Let d(s) be the first derivative of 0*s + 0*s**2 + 1/20*s**5 + 2 + s**3 + 1/360*s**6 + 0*s**4. Let v(n) be the third derivative of d(n). Give v(-5).
-5
Let t(r) = -r - 3. Let j(w) = 5*w + 16. Let o(v) = 2*j(v) + 11*t(v). What is o(-5)?
4
Let w(v) = v**2 + 5*v + 1. Suppose -5 + 20 = -3*u. Determine w(u).
1
Let i(g) = -7*g - 9. Let x(v) = 3*v + 4. Let f(y) = -4*i(y) - 9*x(y). Let j be (-1 - (-4 - 1)) + 0/(-3). Give f(j).
4
Let n(p) = 6*p - 5. Let m(o) = -7*o + 4. Let r(f) = -5*m(f) - 6*n(f). What is r(7)?
3
Let d(v) be the second derivative of v**5/20 - v**4/4 - v**3/2 + v**2/2 - 4*v. Suppose -5 = g - 3. Let h be 1/g + 18/4. Calculate d(h).
5
Let m(x) = -x**2 - x + 1. Let l(a) = 4*a**2 - 3*a + 2. Let r(w) = l(w) - 2*m(w). Give r(-1).
7
Let h(n) = 3 + n - 2*n - 3*n + 3*n**2. Suppose 0 = 2*k, 0 = -y + 2*y - 2*k - 16. Let l be 1/(4/y) - 2. Determine h(l).
7
Let f = 13 - 9. Let d(p) = -16*p**3 + 36*p**2 - 26*p - 6. Let m(z) = -3*z**3 + 7*z**2 - 5*z - 1. Let g(t) = 2*d(t) - 11*m(t). Give g(f).
-5
Suppose 3*r - 5*m - 13 = 0, 4*r - 1 = -4*m - 5. Let b(v) = -16*v + 1. Determine b(r).
-15
Let z(f) be the second derivative of f**3/3 - 3*f**2/2 - 15*f. Let x be -1 + (-1 - -6) + 0. Give z(x).
5
Let d(j) = -11 + 3*j - 4*j + 5*j - 3*j. Let y(m) = m - 11. Let i(g) = 3*d(g) - 2*y(g). What is i(5)?
-6
Let a(m) = -7*m + 2 - 3 + 3 - 1. Give a(1).
-6
Let w(a) = 1 - 8*a - 1 + 9*a. Let m(k) = 18*k - 6. Let u(d) = -m(d) + 15*w(d). Calculate u(4).
-6
Suppose -206*c - 3 = -209*c. Let v(z) = -6*z**3 + z**2 + z. Let w(j) = -6*j**3 + j**2 + 2*j. Let n(b) = -3*v(b) + 2*w(b). Give n(c).
6
Let d(n) be the first derivative of 3*n**4/4 + n**3 - n**2/2 + 4*n - 6. Let y(p) = 4*p**3 + 3*p**2 - 2*p + 4. Let m(g) = -5*d(g) + 4*y(g). Determine m(4).
0
Suppose -5 = r + 21. Let l = -18 - r. Suppose 0*c - 2*h + l = -2*c, -c - 5*h = -26. Let f(m) = 6*m + 1. Give f(c).
7
Let o(t) = t**2 + 2*t - 1. Let j = 22 - 26. What is o(j)?
7
Suppose -3*y + 0 = 3. Let r be y*(-1)/3*9. Let c(b) = b**3 - 4*b**2 + 3*b - 3. Determine c(r).
-3
Let j be (-84)/16 + 1/4. Let u(o) = 3*o. Let v(g) = -g - 1. Let i(r) = -u(r) - 4*v(r). What is i(j)?
-1
Let k(q) = q**3 + 5*q**2 + 4*q + 1. Suppose -x - 4 = -0. Calculate k(x).
1
Let o(q) = -4*q - 18. Let d(n) = n + 6. Let y(r) = 7*d(r) + 2*o(r). Let k be 1/4 - 75/12. Let l be 18/k - (-7 + 0). Determine y(l).
2
Let r(k) = -k - 5. Let t be r(-9). Let v(d) be the third derivative of 0 - d**2 + 0*d - 1/12*d**t - 1/6*d**3. Calculate v(-4).
7
Let x(m) be the first derivative of m**4/4 + 4*m**3/3 + 3*m**2/2 - 4. Suppose 2*w + h = -5, 0 = -4*w - 3*h - 9 - 2. Determine x(w).
2
Let n be 3/(-2*(-6)/8). Suppose -n*k = -4*k + 12. Let r(q) = -q**3 + 7*q**2 - 6*q + 4. Let l be r(k). Let a(b) = b**2 - 6*b + 4. Calculate a(l).
-4
Let y(w) be the third derivative of -w**6/60 + w**5/15 - w**4/12 - w**3/3 + 21*w**2. What is y(2)?
-6
Suppose 5*v = 4*j + 28, 2*j = -2*v - 1 + 5. Suppose 3*z - z = -v. Let a(w) = -w**3 - 2*w**2 - 3*w - 2. What is a(z)?
4
Suppose -2*j = -6*j - 16. Let h(y) = -2*y - 5. What is h(j)?
3
Let n(k) = -k**3 + 9*k**2 - 7*k - 8. Suppose -a = -9*a + 64. Calculate n(a).
0
Let r(v) = -3*v**2 + 2*v**3 - 4*v**2 - v + 2 + 5*v**2. Calculate r(-2).
-20
Let t(g) = -g**2 + 4*g + 5. Suppose 3*o - 16 = -v, 0 = -3*o - 2*o + 5*v. Suppose -o*p - 15 = p. Let z = 8 + p. Calculate t(z).
0
Let k(i) be the second derivative of i**3/6 + 24*i. What is k(1)?
1
Let n(q) = q**3 + 7*q**2 + 7*q - 1. Let a = 102 + -108. Determine n(a).
-7
Let y(s) = -5*s**3 + 2*s**2 - s. Suppose 0 = 5*g + 4*j - 9, 2*j - 1 = -2*g + 1. Let l be 4/g - 3/(-15). What is y(l)?
-4
Let u(g) = -g**2 + 6*g + 9. Let m be u(7). Let l(y) = -4*y**3 - y**2 - 7*y + 3. Let s(v) = -2*v**3 - v**2 - 4*v + 2. Let r(f) = 4*l(f) - 7*s(f). What is r(m)?
-6
Let r(y) be the first derivative of y**3/3 + y + 22. Let j be 2/(4/1)*-2. Determine r(j).
2
Let w = 11 + -6. Let y(g) = -4*g + 36 - 14 + 5*g - 17. What is y(w)?
10
Let x = 5 - 5. Suppose 2*y + 6*p + 6 = 2*p, -p - 2 = x. Let n(b) = 2*b - 5*b + y - 3*b + 0. What is n(1)?
-5
Let k be 2 - (0 + 3) - -1. Suppose -2*h + 2 = 3*g - k*g, -2*g + 8 = 0. Let y(x) = x**3 + 5*x**2 + x. What is y(h)?
-5
Let s(l) be the second derivative of l**5/20 - 5*l**4/12 + 5*l**3/6 + l**2 + 9*l. Determine s(4).
6
Suppose 0*p = p - d - 3, -4*d + 18 = p. Let m(z) = 6*z + z**3 - 11*z**2 - p + 4*z**2 + z**2. Determine m(5).
-1
Let t = 6 - 3. Suppose -t*g = -6*g. Let s(i) = -i. Let a(u) = 3. Let c(m) = a(m) + s(m). Calculate c(g).
3
Let h(v) be the first derivative of -1/4*v**4 - 8*v - 3*v**2 + 1 + 7/3*v**3. Give h(6).
-8
Let u(j) = j**3 - 7*j**2 + 6*j - 3. Suppose 10 = f + 4. Determine u(f).
-3
Let h(i) = i**3 - i**2 + 3*i - 2. Let p be h(2). Let l(z) = 1 + 0*z - p*z**2 + z + 5*z**2. What is l(-1)?
-3
Let r(d) = d - 2*d**2 - d**2 + 0*d - 4*d**2. Give r(1).
-6
Let z(p) = -p - 5. Let q be z(-7). Suppose s + 6 = q*s. Let i(f) = s - 4 + 1 + f. Give i(-3).
0
Let n = 0 + 2. Let i(j) = 4*j**2 + j - 1. Let p(r) = 9*r**2 + 3*r - 3. Let v(s) = -5*i(s) + 2*p(s). Determine v(n).
-7
Let s be 1 + 2*(6 + -4). Let y(a) = -a**3 + 4*a**2 + 5*a + 3. Determine y(s).
3
Suppose -2*p + 2*d + 6 = d, 3*p + d = 9. Let j(s) = 5 - 2 - 2 + 4*s + 3*s**p - 3*s - s**2. Give j(-1).
-4
Let f(h) be the second deri